 s(j) = -j**2 - u*j - 14 + 2*j**2 + 7*j. Let k be s(-8). Calculate the highest common factor of 20 and k.
10
Let n(t) = -6*t - 37. Let r be n(-8). Suppose r = x - 9. What is the greatest common divisor of 180 and x?
20
Suppose -5*q = -15, 9597 = -171*o + 175*o + 3*q. Calculate the greatest common factor of o and 68.
17
Let m(d) = d**3 - 29*d**2 - 27*d - 66. Let f be m(30). Let i be 8/(f/9) - 7*-31. What is the greatest common divisor of i and 80?
20
Let q(k) = 10*k**3 + 2*k. Let n be 33*((-12)/(-9) + -4). Let t = -86 - n. Let j be q(t). Calculate the greatest common divisor of j and 12.
12
Let t = 84 - -28. Let q = 207 + t. What is the greatest common divisor of q and 29?
29
Let w be 3 + (46 - (-10 + -2)). Calculate the highest common divisor of 2623 and w.
61
Let y = 23942 + -21158. Calculate the greatest common factor of 156 and y.
12
Suppose -33 - 97 = -34*s - 28. Let a be (-5 - 0)*6/(-10). Suppose -s*d + 4*d = 3*j + 34, a*d - 114 = 3*j. What is the greatest common factor of d and 30?
10
Suppose 0 = 663*w - 628*w - 4410. What is the highest common divisor of w and 224?
14
Let a = 5 - -28. Suppose 4 = c + x, 3*c - 5*x + 13 - a = 0. Let m = 95 + -60. Calculate the highest common factor of c and m.
5
Suppose 13*u - 42 = 62. Suppose -x - u*l + 5*l + 254 = 0, -5*x = -2*l - 1219. Calculate the highest common factor of x and 35.
35
Let s = 346 - -1006. What is the greatest common factor of 24 and s?
8
Suppose -o = -3*d - 152, 5*o + 11*d - 12*d = 648. Calculate the highest common divisor of 5408 and o.
32
Let i = -239 - -232. Let z be (18/i)/((-36)/126). Calculate the greatest common factor of 576 and z.
9
Let j(x) = -x**3 - 4*x**2 - 41*x - 274. Let k be j(-6). Calculate the greatest common divisor of k and 21956.
44
Let p = 319 + -287. Let o = -17 - -19. Suppose o*x - 30 = -5*z, -5*z + x + 60 = -3*x. Calculate the highest common divisor of p and z.
8
Suppose -346 = -2*m + 188. Let c = 117 + m. What is the greatest common factor of 12 and c?
12
Let b = -10 - -30. Suppose 67*x - 263 - 1269 = 4498. Calculate the greatest common divisor of x and b.
10
Let l = 11500 - 11410. Calculate the greatest common divisor of 300 and l.
30
Let x = -5654 - -5665. Calculate the greatest common divisor of 7 and x.
1
Let w be 12785/10 + -5 + (-9)/(-18). Calculate the highest common factor of w and 147.
49
Let k be ((-42)/18 + 3)*(-27)/(-6). Suppose 0 = 5*h + 4*n - 2027, 399 = h + 7*n - k*n. What is the greatest common factor of h and 37?
37
Let m(k) = 15*k**2 + 36*k + 33. Let h be m(-2). Let z(j) = -130*j - 1. Let v be z(-3). Let y = v + -221. Calculate the greatest common divisor of y and h.
21
Let s be (((-396)/(-7))/3)/(1/7). Suppose 4*o + t - 124 = 0, t - s = -4*o - 2*t. What is the highest common divisor of 30 and o?
30
Suppose r = -0*r + 3. Suppose 0 = 16*s - 23 - 297. Let l(x) = -x**2 + 24*x - 79. Let v be l(s). What is the highest common factor of v and r?
1
Let s(w) = 39*w - 630. Let n be s(18). Let q(o) = o**3 + 9*o**2 + 5*o - 7. Let k be q(-7). Calculate the greatest common factor of k and n.
8
Let u(t) = 36*t**2 + 61*t - 447. Let n be u(7). Calculate the highest common divisor of n and 128.
16
Suppose 0 = -y - 62 + 67. Suppose -5*m + y = 0, 6*m - 3*m = 3*l. Let i be l/(5/510) + -3. Calculate the greatest common factor of i and 11.
11
Let i be (-1)/2 - (12/4)/(-6). Suppose -4*g + 49 = a - i*a, 2*g = -10. What is the greatest common factor of a and 23?
23
Let l(h) = -h**3 + 21*h**2 + 8*h + 35. Let o be l(15). What is the greatest common factor of 105 and o?
35
Let o be (-1 + (-11 - -11))/(1/(-4)). Suppose -2*b = 5*p - 227, -179 = -4*p + 5*b - o*b. Calculate the highest common factor of 360 and p.
45
Suppose 268*j = 154*j + 93138. What is the greatest common factor of j and 473?
43
Let n(l) = -l**3 + 61*l**2 + 17*l - 153. Let j be n(61). Calculate the greatest common divisor of j and 52.
52
Suppose 2*l - 2*f = 10, 0*l - 3*l = 5*f - 39. Suppose l*o - 77 = 35. Suppose -a - 4*k - 8 = -7*k, -5*k = a - 32. What is the greatest common factor of o and a?
7
Suppose -3*a - 6 = -4*l, 4*a - 52 = -44. Suppose -103 = 2*y + 51. Let k = -53 - y. Calculate the greatest common divisor of k and l.
3
Let d be 1*50*((-58)/(-10) - 5). Suppose 12 = -5*a + 6*a. Let f be (-48)/a - 4*6/(-2). What is the greatest common divisor of f and d?
8
Let w = -5065 - -5405. Calculate the highest common factor of 260 and w.
20
Suppose 2*y = 7*y - o - 185978, 6*o - 111567 = -3*y. Calculate the highest common factor of 215 and y.
215
Let p = 3410 - 3320. Calculate the greatest common factor of 110 and p.
10
Let i(p) = -145*p + 17. Let m be i(1). Let x be m*(7 + -7 + -6). Calculate the highest common divisor of x and 24.
24
Let q(w) = 19*w**2 - 37*w - 60. Let z be q(-4). What is the highest common factor of z and 112?
56
Let i(t) = -258*t + 10082. Let m be i(39). Let d = 64 - 4. Calculate the greatest common divisor of m and d.
20
Suppose -4*c - 2*o = -10, 0 + 5 = 3*c + o. Let z be (-3)/2 + (-638)/(-4). Suppose -12*g - z + 1058 = c. Calculate the greatest common divisor of g and 25.
25
Let w be 40/860 + 29404/172. Calculate the highest common factor of 4617 and w.
171
Let p = 26 - 89. Let d = p + 206. What is the highest common factor of 22 and d?
11
Suppose -5*z + 2*x - 633 = 0, -z + 3*x = 2*x + 126. Let p = -113 - z. What is the highest common divisor of p and 35?
7
Suppose -4*z = -4*c + 32 + 8, -4*z = -2*c + 26. Suppose -c*i = -5*i - 256. Let g(h) = 7*h + 65. Let u be g(-7). What is the greatest common factor of i and u?
16
Let z be 5/(-1) + 4/6*507. Suppose 339*a = z*a + 120. What is the greatest common factor of a and 35?
5
Let f(j) = j**3 - 8*j**2 + 8*j - 6. Let r be f(7). Suppose -184 = -c - 179. Calculate the highest common factor of r and c.
1
Let y = -186 - -194. Suppose 2*m - y*m + 48 = 0. What is the highest common factor of 2 and m?
2
Let s be 14/(-5)*8560/(-1498). What is the highest common factor of 592 and s?
16
Let i(c) = -17*c + 153. Let b be i(8). Suppose 16 = 3*y - 35. What is the greatest common divisor of b and y?
17
Suppose -3*c + 3243 = -3*v, -4*c + 359 = -3*v - 3966. Suppose 3*t - 1510 = c. Calculate the highest common divisor of 27 and t.
27
Let z be (-814)/88*(-549 + 5). What is the greatest common factor of 408 and z?
136
Suppose i - 20*h = -18*h + 1840, -3*i + 5526 = -4*h. What is the greatest common factor of 208 and i?
26
Let w(y) = 5*y**3 - 3*y**2 + 154*y - 304. Let q be w(2). Let u be 14 - (-2 + (-3 - -2)). Let s = 25 - u. Calculate the greatest common divisor of s and q.
8
Let q = 117 + -63. Let g = q - -61. What is the highest common divisor of 69 and g?
23
Suppose 0 = g + 2*g - 123. Suppose -2*h + g + 15 = 0. Suppose 3583 + 29 = 103*q + 7. Calculate the greatest common divisor of h and q.
7
Suppose 436 = -5*g + 556. Suppose 0 = g*o - 28*o + 16. What is the greatest common factor of 62 and o?
2
Let w(d) = -d**3 - 8*d**2 + 109*d + 915. Let p be w(-10). What is the greatest common factor of 55 and p?
5
Let h = -34343 + 34525. Calculate the highest common divisor of 598 and h.
26
Suppose -7 = d, -4*d - 252 = -22*m + 21*m. What is the highest common factor of m and 1064?
56
Let z(v) = 2*v**2 + 13*v - 4. Let l be z(-10). Let j(p) = p**2 + p - 30. Let a be j(6). What is the greatest common factor of a and l?
6
Let i = 445 + -285. Suppose 25 = -3*s + 67. Let u = 46 - s. What is the greatest common factor of i and u?
32
Suppose -32*k + 5*k = 58*k - 935. What is the highest common factor of 1441 and k?
11
Suppose 0 = -6*p + 9*p - 2736. Let z = p + -909. What is the highest common factor of 2 and z?
1
Let y = -468 - -583. Let c = 138 - y. What is the greatest common factor of c and 299?
23
Suppose -15*x = 2738 + 547. Let c = -215 - x. What is the highest common factor of c and 7?
1
Let m be 1365/2*(8 - (-90)/(-27)). What is the greatest common factor of 490 and m?
245
Let i = 99 - 84. Let n be 13/(182/105)*(-92)/(-3). Suppose 0 = -4*l - 5*t + 155, n = 4*l + 2*t + 60. Calculate the greatest common factor of l and i.
15
Suppose 42 = 5*t - 563. Let h be ((-174)/(-4) + -3)*2. Let s = t - h. What is the highest common factor of 8 and s?
8
Let d(u) = 993*u - 13782. Let z be d(14). Calculate the greatest common divisor of z and 13590.
30
Let j(o) = -13*o - 8. Let a be j(-6).